?
39
Calculate the greatest common divisor of 118950 and 26.
26
Calculate the greatest common divisor of 208 and 26.
26
What is the greatest common factor of 95 and 1691?
19
What is the greatest common divisor of 670 and 190?
10
Calculate the greatest common divisor of 24 and 60.
12
What is the highest common divisor of 15 and 200?
5
What is the highest common divisor of 26 and 221?
13
Calculate the greatest common factor of 21 and 8.
1
Calculate the greatest common divisor of 44 and 7403.
11
What is the highest common factor of 201 and 9?
3
What is the greatest common factor of 11 and 11264?
11
What is the highest common factor of 34 and 493?
17
Calculate the greatest common divisor of 225 and 525.
75
Calculate the greatest common divisor of 810 and 54.
54
Calculate the greatest common divisor of 190 and 266.
38
What is the highest common divisor of 55 and 99?
11
What is the greatest common factor of 34 and 102?
34
What is the highest common factor of 8 and 232?
8
Calculate the greatest common divisor of 90 and 225.
45
What is the greatest common divisor of 327 and 27?
3
Calculate the greatest common divisor of 48 and 57.
3
Calculate the greatest common factor of 148 and 4.
4
Calculate the greatest common divisor of 20 and 20.
20
Calculate the greatest common factor of 120 and 75.
15
What is the highest common factor of 6 and 852?
6
What is the greatest common factor of 550 and 50?
50
What is the highest common divisor of 294 and 392?
98
Calculate the highest common divisor of 36 and 28116.
36
What is the highest common factor of 540 and 384?
12
Calculate the greatest common divisor of 32 and 3888.
16
What is the highest common divisor of 455 and 3445?
65
What is the greatest common factor of 13319 and 38?
19
Calculate the highest common factor of 2889 and 27.
27
What is the greatest common divisor of 1 and 7?
1
What is the highest common divisor of 4155 and 45?
15
Calculate the greatest common factor of 1098 and 24522.
366
What is the greatest common factor of 893 and 329?
47
Calculate the highest common factor of 7825 and 75.
25
What is the highest common factor of 46 and 1886?
46
What is the highest common factor of 427 and 305?
61
What is the greatest common factor of 80 and 24?
8
What is the greatest common factor of 240 and 345?
15
What is the highest common factor of 50 and 410?
10
Calculate the greatest common divisor of 236 and 2242.
118
What is the greatest common factor of 21 and 22547?
7
What is the highest common divisor of 140 and 155?
5
Calculate the greatest common divisor of 124 and 2542.
62
What is the highest common divisor of 500 and 18875?
125
What is the highest common factor of 37 and 6253?
37
Calculate the greatest common factor of 325 and 26.
13
Calculate the highest common divisor of 115 and 23.
23
What is the greatest common factor of 777 and 370?
37
What is the highest common factor of 148 and 777?
37
What is the highest common divisor of 14 and 11228?
14
What is the highest common divisor of 25 and 180?
5
Calculate the highest common divisor of 5 and 835.
5
What is the highest common factor of 150 and 75000?
150
Calculate the greatest common divisor of 704 and 44.
44
Calculate the highest common factor of 18 and 2.
2
Calculate the greatest common divisor of 550 and 1450.
50
What is the greatest common divisor of 442 and 26?
26
What is the highest common divisor of 5 and 55?
5
Calculate the greatest common factor of 2675 and 642.
107
Calculate the highest common divisor of 43 and 215.
43
Calculate the greatest common divisor of 1168 and 219.
73
Calculate the highest common factor of 249 and 581.
83
Calculate the greatest common divisor of 17 and 119.
17
What is the highest common divisor of 17 and 629?
17
What is the greatest common divisor of 8 and 472?
8
What is the highest common factor of 3 and 19032?
3
What is the greatest common divisor of 583 and 106?
53
What is the greatest common divisor of 19 and 247?
19
Calculate the greatest common divisor of 8303 and 23.
23
What is the greatest common divisor of 160 and 352?
32
Calculate the greatest common divisor of 765 and 495.
45
What is the highest common divisor of 77 and 2079?
77
What is the greatest common factor of 45 and 690?
15
What is the greatest common divisor of 31 and 992?
31
What is the greatest common divisor of 12 and 3720?
12
Calculate the greatest common divisor of 390 and 3354.
78
What is the greatest common divisor of 36 and 279?
9
What is the greatest common factor of 850 and 68?
34
Calculate the greatest common divisor of 2881 and 43.
43
Calculate the greatest common factor of 21 and 672.
21
Calculate the highest common factor of 14 and 18.
2
Calculate the highest common factor of 195 and 130.
65
What is the greatest common divisor of 165 and 1375?
55
What is the highest common divisor of 2 and 202?
2
What is the highest common factor of 549 and 9?
9
What is the greatest common factor of 341 and 341?
341
Calculate the greatest common factor of 17 and 7.
1
Calculate the greatest common factor of 1969 and 11.
11
What is the greatest common factor of 18475 and 25?
25
What is the highest common divisor of 480 and 3552?
96
Calculate the highest common factor of 64859 and 79.
79
What is the greatest common divisor of 576 and 486?
18
What is the greatest common divisor of 4991 and 155?
31
What is the highest common divisor of 640 and 10?
10
Calculate the highest common divisor of 78 and 24.
6
What is the highest common divisor of 1310 and 10?
10
What is the greatest common divisor of 345 and 276?
69
What is the highest common divisor of 225 and 1300?
25
Calculate the highest common divisor of 14 and 26698.
14
Calculate the highest common factor of 12 and 108.
12
What is the highest common factor of 260 and 1365?
65
What is the greatest common divisor of 354 and 2006?
118
Calculate the greatest common divisor of 12 and 8.
4
Calculate the greatest common factor of 1530 and 1190.
170
Calculate the highest common factor of 38980 and 80.
20
Calculate the greatest common factor of 21 and 99.
3
What is the highest common factor of 248 and 3038?
62
What is the highest common divisor of 1185 and 55?
5
Calculate the highest common divisor of 512 and 16.
16
Calculate the greatest common divisor of 684 and 3348.
36
What is the highest common divisor of 61 and 31659?
61
What is the highest common factor of 22 and 682?
22
Calculate the highest common factor of 134 and 16.
2
What is the greatest common divisor of 26 and 78?
26
Calculate the greatest common factor of 10 and 110.
10
What is the highest common factor of 330 and 726?
66
Calculate the greatest common factor of 29 and 464.
29
What is the highest common divisor of 55 and 25685?
55
What is the highest common divisor of 42 and 42?
42
What is the greatest common divisor of 215 and 385?
5
What is the greatest common divisor of 209 and 38?
19
What is the highest common divisor of 10 and 790?
10
Calculate the greatest common factor of 22 and 33.
11
Calculate the highest common factor of 33 and 699.
3
What is the highest common divisor of 111 and 148?
37
What is the highest common divisor of 70 and 2570?
10
Calculate the highest common divisor of 18 and 96.
6
What is the greatest common divisor of 290 and 20?
10
What is the greatest common divisor of 1840 and 5290?
230
What is the highest common factor of 844 and 2321?
211
Calculate the highest common divisor of 90 and 594.
18
Calculate the greatest common factor of 42 and 114.
6
Calculate the greatest common factor of 52 and 1339.
13
Calculate the greatest common factor of 62 and 1054.
62
What is the highest common factor of 55 and 99?
11
Calculate the greatest common factor of 164 and 19762.
82
What is the highest common factor of 89 and 2047?
89
What is the highest common divisor of 3175 and 25?
25
Calculate the greatest common divisor of 290 and 2146.
58
Calculate the highest common factor of 91 and 14.
7
Calculate the greatest common divisor of 84 and 175.
7
What is the greatest common factor of 10 and 610?
10
What is the greatest common divisor of 30 and 930?
30
What is the highest common factor of 153 and 221?
17
What is the highest common divisor of 175 and 200?
25
Calculate the greatest common divisor of 98 and 42.
14
Calculate the highest common di